{"id":32,"date":"2022-12-29T20:56:30","date_gmt":"2022-12-29T19:56:30","guid":{"rendered":"https:\/\/massageundkraut.wordpress.com\/?page_id=32"},"modified":"2025-09-16T18:16:14","modified_gmt":"2025-09-16T18:16:14","slug":"massage","status":"publish","type":"page","link":"https:\/\/massageundkraut.ch\/index.php\/massage\/","title":{"rendered":"Massage"},"content":{"rendered":"\n<p>Massage ist eine der \u00e4ltesten Heilk\u00fcnste der Menschheit.&nbsp;<\/p>\n\n\n\n<p>Mit Massage k\u00f6nnen viele Verspannungen und Verklebungen im Gewebe und der Muskulatur gel\u00f6st werden. Abgelagerte Schlacken werden gel\u00f6st und deren Abtransport gef\u00f6rdert.&nbsp;<\/p>\n\n\n\n<p>K\u00f6rper und Geist k\u00f6nnen sich entspannen und regenerieren.&nbsp;<\/p>\n\n\n\n<div class=\"wp-block-media-text alignwide has-media-on-the-right is-stacked-on-mobile\"><div class=\"wp-block-media-text__content\">\n<p>Meine selber hergestellten Pflanzenmassage\u00f6le unterst\u00fctzen diesen Prozess zus\u00e4tzlich.<\/p>\n<\/div><figure class=\"wp-block-media-text__media\"><img loading=\"lazy\" decoding=\"async\" width=\"2212\" height=\"1580\" src=\"https:\/\/massageundkraut.ch\/wp-content\/uploads\/2023\/03\/20230312_150049.jpg\" alt=\"\" class=\"wp-image-144 size-full\" srcset=\"https:\/\/massageundkraut.ch\/wp-content\/uploads\/2023\/03\/20230312_150049.jpg 2212w, https:\/\/massageundkraut.ch\/wp-content\/uploads\/2023\/03\/20230312_150049-300x214.jpg 300w, https:\/\/massageundkraut.ch\/wp-content\/uploads\/2023\/03\/20230312_150049-1024x731.jpg 1024w, https:\/\/massageundkraut.ch\/wp-content\/uploads\/2023\/03\/20230312_150049-768x549.jpg 768w, https:\/\/massageundkraut.ch\/wp-content\/uploads\/2023\/03\/20230312_150049-1536x1097.jpg 1536w, https:\/\/massageundkraut.ch\/wp-content\/uploads\/2023\/03\/20230312_150049-2048x1463.jpg 2048w, https:\/\/massageundkraut.ch\/wp-content\/uploads\/2023\/03\/20230312_150049-1200x857.jpg 1200w\" sizes=\"auto, (max-width: 2212px) 100vw, 2212px\" \/><\/figure><\/div>\n\n\n\n<p>Gerne begleite ich Sie auf Ihrem Weg zu mehr Entspannung und Wohlbefinden.<\/p>\n\n\n\n<p>Ich rechne NICHT \u00fcber die Krankenkasse ab<\/p>\n\n\n\n<p>Preis: 1 h &#8211; Fr. 90.- oder 1,5 h &#8211; Fr. 130.- \/ Barzahlung oder twint<\/p>\n\n\n\n<hr class=\"wp-block-separator has-alpha-channel-opacity\"\/>\n\n\n\n<figure class=\"wp-block-image size-full is-resized\"><img loading=\"lazy\" decoding=\"async\" width=\"580\" height=\"160\" src=\"https:\/\/massageundkraut.ch\/wp-content\/uploads\/2024\/06\/logo_bern.png\" alt=\"\" class=\"wp-image-238\" style=\"width:215px;height:auto\" srcset=\"https:\/\/massageundkraut.ch\/wp-content\/uploads\/2024\/06\/logo_bern.png 580w, https:\/\/massageundkraut.ch\/wp-content\/uploads\/2024\/06\/logo_bern-300x83.png 300w\" sizes=\"auto, (max-width: 580px) 100vw, 580px\" \/><figcaption class=\"wp-element-caption\">Preis: 1 h &#8211; Fr. 50.- oder 1,5 h &#8211; Fr. 70.- \/ Barzahlung oder twint<\/figcaption><\/figure>\n","protected":false},"excerpt":{"rendered":"<p>Massage ist eine der \u00e4ltesten Heilk\u00fcnste der Menschheit.&nbsp; Mit Massage k\u00f6nnen viele Verspannungen und Verklebungen im Gewebe und der Muskulatur gel\u00f6st werden. Abgelagerte Schlacken werden gel\u00f6st und deren Abtransport gef\u00f6rdert.&nbsp; K\u00f6rper und Geist k\u00f6nnen sich entspannen und regenerieren.&nbsp; Meine selber hergestellten Pflanzenmassage\u00f6le unterst\u00fctzen diesen Prozess zus\u00e4tzlich. Gerne begleite ich Sie auf Ihrem Weg zu mehr [&hellip;]<\/p>\n","protected":false},"author":2,"featured_media":0,"parent":0,"menu_order":0,"comment_status":"closed","ping_status":"closed","template":"","meta":{"footnotes":""},"class_list":["post-32","page","type-page","status-publish","hentry"],"_links":{"self":[{"href":"https:\/\/massageundkraut.ch\/index.php\/wp-json\/wp\/v2\/pages\/32","targetHints":{"allow":["GET"]}}],"collection":[{"href":"https:\/\/massageundkraut.ch\/index.php\/wp-json\/wp\/v2\/pages"}],"about":[{"href":"https:\/\/massageundkraut.ch\/index.php\/wp-json\/wp\/v2\/types\/page"}],"author":[{"embeddable":true,"href":"https:\/\/massageundkraut.ch\/index.php\/wp-json\/wp\/v2\/users\/2"}],"replies":[{"embeddable":true,"href":"https:\/\/massageundkraut.ch\/index.php\/wp-json\/wp\/v2\/comments?post=32"}],"version-history":[{"count":13,"href":"https:\/\/massageundkraut.ch\/index.php\/wp-json\/wp\/v2\/pages\/32\/revisions"}],"predecessor-version":[{"id":280,"href":"https:\/\/massageundkraut.ch\/index.php\/wp-json\/wp\/v2\/pages\/32\/revisions\/280"}],"wp:attachment":[{"href":"https:\/\/massageundkraut.ch\/index.php\/wp-json\/wp\/v2\/media?parent=32"}],"curies":[{"name":"wp","href":"https:\/\/api.w.org\/{rel}","templated":true}]}}